{"id":13,"date":"2017-03-03T07:41:29","date_gmt":"2017-03-03T07:41:29","guid":{"rendered":"http:\/\/www.kroeberdruckt.com\/cms\/?page_id=13"},"modified":"2017-03-03T07:41:29","modified_gmt":"2017-03-03T07:41:29","slug":"agb-kroeber-druck","status":"publish","type":"page","link":"https:\/\/www.kroeberdruckt.com\/cms\/agb-kroeber-druck\/","title":{"rendered":"AGB Kroeber Druck"},"content":{"rendered":"<p id=\"u628-2\"><span id=\"u628\">Alle Auftr\u00e4ge werden ausschlie\u00dflich auf der Grundlage nachfolgender Bedingungen ausgef\u00fchrt.<\/span><\/p>\n<p id=\"u628-3\">\n<p id=\"u628-5\">A. Preise<\/p>\n<p id=\"u628-8\">1. Die im Angebot der Firma Werbung &amp; Druck M.Kroeber GmbH genannten Preise gelten unter dem Vorbehalt, dass die der Angebotsabgabe zugrundegelegten Auftragsdaten unver\u00e4ndert bleiben, l\u00e4ngstens jedoch vier Monate nach Eingang des Angebots beim Auftraggeber. Die Preise der Firma Werbung &amp; Druck M. Kroeber GmbH verstehen sich zuz\u00fcglich der gesetzlichen Mehrwertsteuer. Die Preise der Firma Werbung &amp; Druck M. Kroeber GmbH gelten ab Werk. Sie schlie\u00dfen Verpackung, Fracht, Porto, Versicherung und sonstige Versandkosten nicht ein.<\/p>\n<p id=\"u628-11\">2. Nachtr\u00e4gliche \u00c4nderungen auf Veranlassung des Auftraggebers einschlie\u00dflich des dadurch verursachten Maschinenstillstandes werden dem Auftraggeber berechnet. Als nachtr\u00e4gliche \u00c4nderungen gelten auch Wiederholungen von Korrekturabz\u00fcgen, die vom Auftraggeber wegen geringf\u00fcgiger Abweichung des vorangegangenen Korrekturabzuges verlangt werden.<\/p>\n<p id=\"u628-14\">B. Zahlung<\/p>\n<p id=\"u628-17\">1. Die Zahlung der Rechnung hat innerhalb von 14 Tagen netto zu erfolgen.<\/p>\n<p id=\"u628-20\">2. Ist die Erf\u00fcllung des Zahlungsanspruches wegen einer nach Vertragsschlu\u00df eingetretenen oder bekanntgewordenen Verschlechterung der Verm\u00f6gensverh\u00e4ltnisse des Auftraggebers gef\u00e4hrdet, so kann die Firma Werbung &amp; Druck M. Kroeber GmbH Vorauszahlung verlangen, noch nicht ausgelieferte Ware zur\u00fcckhalten, sowie die Weiterarbeit einstellen. Diese Rechte stehen der Firma Werbung &amp; Druck M. Kroeber GmbH auch zu, wenn der Auftraggeber sich mit der Bezahlung von Lieferungen in Verzug befindet.<\/p>\n<p id=\"u628-23\">C. Lieferung<\/p>\n<p id=\"u628-26\">Liefertermine sind nur g\u00fcltig, wenn sie von der Firma Werbung &amp; Druck M. Kroeber GmbH ausdr\u00fccklich best\u00e4tigt werden.<\/p>\n<p id=\"u628-29\">D. Eigentumsvorbehalt<\/p>\n<p id=\"u628-32\">Die gelieferte Ware bleibt bis zur vollst\u00e4ndigen Bezahlung Eigentum der Firma Werbung &amp; Druck M. Kroeber GmbH.<\/p>\n<p id=\"u628-35\">E. Beanstandungen, Gew\u00e4hrleistungen<\/p>\n<p id=\"u628-38\">1. Der Auftraggeber hat die Vertragsgem\u00e4\u00dfheit der gelieferten Ware sowie die zur Korrektur \u00fcbersandten Vor- und Zwischenerzeugnisse in jedem Fall zu pr\u00fcfen. Die Gefahr etwaiger Fehler geht mit der Druckreiferkl\u00e4rung \/ Fertigungsreiferkl\u00e4rung auf den Auftraggeber \u00fcber, soweit es sich nicht um Fehler handelt, die erst in dem sich an die Druckreiferkl\u00e4rung \/ Fertigungsreiferkl\u00e4rung anschlie\u00dfenden Fertigungsvorgangs entstanden sind oder erkannt werden konnten. Das gleiche gilt f\u00fcr alle sonstigen Freigabeerkl\u00e4rungen des Auftraggebers.<\/p>\n<p id=\"u628-41\">2. Die Ware ist sofort nach Erhalt auf ihre Richtigkeit Gesch\u00e4ftsbedingungen zu pr\u00fcfen. Beanstandungen sind nur innerhalb zwei Wochen nach Empfang der Ware zul\u00e4ssig.<\/p>\n<p id=\"u628-44\">3. Bei berechtigten Beanstandungen ist die Firma Werbung &amp; Druck M. Kroeber GmbH nach Ihrer Wahl unter Ausschluss anderer Anspr\u00fcche zur Nachbesserung und\/oder Ersatzlieferung verpflichtet, und zwar bis zur H\u00f6he des Auftragswertes. Das gleiche gilt f\u00fcr den Fall einer berechtigten Beanstandung der Nachbesserung oder Ersatzlieferung.<\/p>\n<p id=\"u628-47\">4. Bei farbigen Reproduktionen in allen Herstellungsverfahren k\u00f6nnen geringf\u00fcgige Abweichungen vom Original nicht beanstandet werden. Das gleiche gilt f\u00fcr den Vergleich zwischen Andrucken und Auflagendruck.<\/p>\n<p id=\"u628-53\">5. Zugelieferte Vorlagen (auch Datentr\u00e4ger) durch den Auftraggeber oder durch einen von ihm eingeschalteten Dritten unterliegen keiner Pr\u00fcfungspflicht seitens der Firma Werbung &amp; Druck M. Kroeber GmbH. Eventuell f\u00fcr eine erfolgreiche Ausgabe erforderliche Korrekturen oder \u00c4nderungen werden nach R\u00fccksprache mit dem Kunden als zus\u00e4tzliche Arbeiten zum jeweiligen Stundensatz in Rechnung gestellt. Daten\/Filme, die bei uns erstellt wurden, sind unser Eigentum. Falls mit dem Besteller nicht anders vereinbart, werden sie ein Jahr archiviert, danach k\u00f6nnen sie ohne Benachrichtigung des Bestellers vernichtet werden.<\/p>\n<p id=\"u628-56\">6. Mehr- oder Minderlieferungen bis zu 10% der bestellten Auflage sind produktionstechnisch bedingt und k\u00f6nnen geliefert und berechnet werden.<\/p>\n<p id=\"u628-59\">F. Urheberrecht<\/p>\n<p id=\"u628-62\">Alle urheberrechtlichen Nutzungsrechte in jeglichen Verfahren und zu jeglichen Verwendungszweck an eigenen Skizzen und Entw\u00fcrfen, Originalen, Filmen und dergleichen verbleiben vorbehaltlich ausdr\u00fccklicher anderweitiger Regelung bei uns. F\u00fcr die Pr\u00fcfung des Rechts der Vervielf\u00e4ltigung aller Druckunterlagen ist der Vertragspartner allein verantwortlich.<\/p>\n<p id=\"u628-65\">Der Vertragspartner haftet allein, wenn durch die Ausf\u00fchrung seiner Auftragsrechte, insbesondere Urheberrechte Dritter verletzt werden. Der Vertragspartner hat uns von allen Anspr\u00fcchen Dritter wegen einer solchen Rechtsverletzung freizustellen.<\/p>\n<p id=\"u628-68\">G. Erf\u00fcllungsort, Gerichtsstand<\/p>\n<p id=\"u628-71\">1. Es gilt deutsches Recht. Die Geltung des \u00dcbereinkommens der Vereinten Nationen \u00fcber Vertr\u00e4ge f\u00fcr den internationalen Warenkauf vom 01.04.1980 (CISG) ist ausgeschlossen.<\/p>\n<p id=\"u628-74\">2. F\u00fcr Vertr\u00e4ge mit Vollkaufleuten ist Erf\u00fcllungsort Gelnhausen und ausschlie\u00dflicher Gerichtsstand Gelnhausen. Ein Gerichtsstand ist in Gelnhausen ebenfalls begr\u00fcndet, falls bei Klageerhebung Wohnsitz oder gew\u00f6hnlicher Aufenthaltsort des Vertragspartners nicht bekannt sind oder dieser keinen Wohnsitz im Inland (mehr) hat.<\/p>\n<p id=\"u628-77\"><span id=\"u628-76\">3. Sollten einzelne Bestimmungen dieser Gesch\u00e4ftsbedingungen oder des mit dem Vertragspartner geschlossenen Vertrages ganz oder teilweise unwirksam sein, so ber\u00fchrt dies die Wirksamkeit des Vertrages im \u00dcbrigen nicht.<\/span><\/p>\n","protected":false},"excerpt":{"rendered":"<p>Alle Auftr\u00e4ge werden ausschlie\u00dflich auf der Grundlage nachfolgender Bedingungen ausgef\u00fchrt. A. Preise 1. Die im Angebot der Firma Werbung &amp; Druck M.Kroeber GmbH genannten Preise gelten unter dem Vorbehalt, dass die der Angebotsabgabe zugrundegelegten Auftragsdaten unver\u00e4ndert bleiben, l\u00e4ngstens jedoch vier &hellip; <a class=\"kt-excerpt-readmore\" href=\"https:\/\/www.kroeberdruckt.com\/cms\/agb-kroeber-druck\/\" aria-label=\"AGB Kroeber Druck\">Read More<\/a><\/p>\n","protected":false},"author":1,"featured_media":0,"parent":0,"menu_order":0,"comment_status":"closed","ping_status":"closed","template":"","meta":{"footnotes":""},"class_list":["post-13","page","type-page","status-publish","hentry"],"_links":{"self":[{"href":"https:\/\/www.kroeberdruckt.com\/cms\/wp-json\/wp\/v2\/pages\/13","targetHints":{"allow":["GET"]}}],"collection":[{"href":"https:\/\/www.kroeberdruckt.com\/cms\/wp-json\/wp\/v2\/pages"}],"about":[{"href":"https:\/\/www.kroeberdruckt.com\/cms\/wp-json\/wp\/v2\/types\/page"}],"author":[{"embeddable":true,"href":"https:\/\/www.kroeberdruckt.com\/cms\/wp-json\/wp\/v2\/users\/1"}],"replies":[{"embeddable":true,"href":"https:\/\/www.kroeberdruckt.com\/cms\/wp-json\/wp\/v2\/comments?post=13"}],"version-history":[{"count":1,"href":"https:\/\/www.kroeberdruckt.com\/cms\/wp-json\/wp\/v2\/pages\/13\/revisions"}],"predecessor-version":[{"id":14,"href":"https:\/\/www.kroeberdruckt.com\/cms\/wp-json\/wp\/v2\/pages\/13\/revisions\/14"}],"wp:attachment":[{"href":"https:\/\/www.kroeberdruckt.com\/cms\/wp-json\/wp\/v2\/media?parent=13"}],"curies":[{"name":"wp","href":"https:\/\/api.w.org\/{rel}","templated":true}]}}